d by (-14)/77 + 290/22?
12
Let o(s) = -53*s - 4. Calculate the remainder when o(-3) is divided by 12.
11
Suppose 0 = 3*g - 143 + 32. Suppose -3*l + 19 = -2*l. Calculate the remainder when g is divided by l.
18
Let j be 2 - 4 - 32*-1. Let o = j - 11. Calculate the remainder when o is divided by 5.
4
Let g = 10 - 0. Suppose -4*c = -2*r + 70, 3*c - 77 = -3*r + 2*c. Calculate the remainder when r is divided by g.
7
Let b be -6 - -4 - -6*1. Suppose -9 = f - b*n, f + n - 26 = -2*n. What is the remainder when 40 is divided by f?
7
Let y(u) = -u**2 + 8*u - 10. Calculate the remainder when 8 is divided by y(5).
3
Let j be 4/10 - 9/(-15). Let s = j + 17. What is the remainder when s is divided by 10?
8
Suppose -2*w = 2*w. Suppose 2*p = -w*d - 2*d + 30, -p + 3*d = -35. Let r = 116 - 57. Calculate the remainder when r is divided by p.
19
Suppose -164 = 3*h - 5*h. Suppose -4*z - 4*r + 88 = 0, 0 = 4*z - 2*r - 0*r - h. What is the remainder when 41 is divided by z?
20
Suppose 2*t = -2*j + 12, -t + 6*t = 4*j - 60. What is the remainder when ((-4)/8 - 1)*442/(-39) is divided by j?
7
Let l(z) = -z - 2 + 1 + 0 + 4*z. What is the remainder when l(7) is divided by 7?
6
Suppose 3*o - 2319 = -3*t, 3*t = t + 4*o + 1540. Let h be 2/(-8) - t/(-16). Let a = -20 + h. Calculate the remainder when a is divided by 15.
13
Let h(k) = k**2 + k + 1. Let p be h(-2). Suppose 24 - 3 = p*o. Calculate the remainder when 363/18 - 1/6 is divided by o.
6
Suppose -2*f + 5*p + 30 = 3*f, 4*f + 2*p - 48 = 0. What is the remainder when 39 is divided by f?
9
What is the remainder when (12/3 + -3 - 3) + 31 is divided by 15?
14
Suppose -6*n + 2*n = 0. Suppose y + 0*y - 41 = n. What is the remainder when y is divided by 14?
13
Suppose -2*v + 41 = 3*p, -5*p - v = -6*v - 60. What is the remainder when 36 is divided by p?
10
Let b(r) = -r**2 - 5*r - 3. What is the remainder when 4 is divided by b(-3)?
1
Suppose 3*b - 27 = -0*b. Suppose -4*w + c = -97, 4*w - 91 = -3*c + 6*c. What is the remainder when w is divided by b?
7
What is the remainder when (-632)/(-88) - 4/22 is divided by 5?
2
Suppose 2 + 29 = -5*v + 2*i, -4*v + 5*i = 18. Let m = v - -13. Suppose t = -4 + m. Calculate the remainder when 3 is divided by t.
1
Let t = -136 + 205. Calculate the remainder when t is divided by 24.
21
Let x(u) = -3*u - 1. Let b = -7 - -5. Let f be x(b). Suppose -f*r + 76 = 4*q - 3*r, -2*r = 3*q - 55. Calculate the remainder when q is divided by 12.
9
Suppose 4*k + 39 = 231. Suppose 0*a + k = 2*a. Calculate the remainder when 47 is divided by a.
23
Let k be -1 + 0 + (2 - -1). Suppose k*t - 7 = 1. Suppose -t*g - 61 = -153. What is the remainder when g is divided by 8?
7
Let c = -11 - -19. Let j = 11 + 1. Suppose -2*b = 2*b - j. What is the remainder when c is divided by b?
2
Suppose 2 = 2*a - z - 16, -4*a + 3*z = -40. What is the remainder when 9 is divided by a?
2
Let x = -21 - -55. Let h = x + -19. Suppose 0 = 4*o - 9*o + 4*w + 120, 5*o - 160 = -4*w. Calculate the remainder when o is divided by h.
13
Let x = -110 - -164. Calculate the remainder when x is divided by 14.
12
Suppose -9*x = -7*x + 8. Let u = x - -13. Calculate the remainder when 35 is divided by u.
8
What is the remainder when 59 is divided by (-952)/(-48) - 1/(-6)?
19
Suppose -p = -7*p + 30. Suppose -5*g = 4*w - 12, -5*w - g + 4*g = -52. What is the remainder when w is divided by p?
3
Let k(t) = 3*t**2 - 4*t + 1. Let l be k(7). Calculate the remainder when ((-6)/15)/((-1)/55) is divided by (6/(-5))/((-18)/l).
6
Let a(r) = r**2 - 6*r - 5. Calculate the remainder when 63 is divided by a(9).
19
Let x be (3 + 1)/2 - -3. Suppose 4*t = 4*q - 16 - 64, -x*q + 136 = 4*t. Calculate the remainder when q is divided by 9.
6
Let a(l) = -32*l - 3 + 2 + 22*l. Let p be 1*-2 - (-3 - -2). Calculate the remainder when 25 is divided by a(p).
7
Let s(n) be the second derivative of -3*n - n**2 - 3/2*n**3 + 0. What is the remainder when s(-3) is divided by 14?
11
What is the remainder when (2 - -33) + -2 - 0 is divided by 17?
16
Let w be 173/3 - 4/6. Suppose 4*y - w = 11. Calculate the remainder when y is divided by (-8)/(-28) - 61/(-7).
8
Let q = 12 + 1. Calculate the remainder when 24 is divided by q.
11
Let j = 11 - 10. Let o be 2 + 1 - (j - -2). Suppose 5*b - 87 = 3*h, o = -2*b + b - 3*h + 3. Calculate the remainder when 44 is divided by b.
14
Let o(r) = -2 + 4 - 29*r - 3*r - 1. What is the remainder when o(-1) is divided by 260/22 + (-6)/(-33)?
9
Suppose 4*y - 3*f = -3, -2*f - 3 = 2*y - 3*f. Let l = y - -19. Suppose -2*j = l - 56. Calculate the remainder when j is divided by 7.
6
Suppose -4*k = -3*k - 1. Calculate the remainder when (2*k)/(2/8) is divided by 3.
2
Let o be (-266)/(-6) - 6/18. Let w = o - 31. Calculate the remainder when w is divided by 5.
3
Suppose -l - 3*v = -2, 10 = 2*l + 4*v - 4. What is the remainder when l is divided by 9?
8
Let k(x) = 10*x + 26. Let c(j) = -2*j - 5. Let t(q) = 16*c(q) + 3*k(q). Let p be t(-3). Suppose 2*g = 16 - p. What is the remainder when 10 is divided by g?
4
Suppose 0 = 3*b - 4*b + 31. Calculate the remainder when 61 is divided by b.
30
Calculate the remainder when 52 is divided by (132/(-16))/((-9)/12).
8
Let d be (-1)/(-4)*-2*-10. Let v = d + -1. Calculate the remainder when 10 is divided by v.
2
Let y = -1 + 4. Let v = y - -7. What is the remainder when (-29)/(1/1 - 2) is divided by v?
9
Let w be 166/10 + 2/5. Let g = -1 + w. Suppose -d + 5*l = -5*d + 29, 0 = l - 1. Calculate the remainder when g is divided by d.
4
Suppose 3*x = x - w + 14, -2*x + 2*w + 26 = 0. Calculate the remainder when x is divided by 5.
4
Let c = -38 + 68. Let r = -13 + c. Calculate the remainder when r is divided by 9.
8
Suppose 0 = 5*v - 6*v. Let y = 2 + -1. Suppose -s + 8 - y = v. Calculate the remainder when s is divided by 4.
3
Suppose -10*p + 5*p = -15. What is the remainder when 4 is divided by p?
1
Suppose 2*x + 16 = 5*s - 2*s, -7 = 4*s + 3*x. Suppose -11 = -s*m + 7. Let o = -39 - -65. What is the remainder when o is divided by m?
8
Let r be 149/(-4) - (-8)/32. What is the remainder when 20 is divided by (-14)/35 + r/(-5)?
6
Let j(i) = -i + 15. What is the remainder when j(-11) is divided by 3*(60/9)/2?
6
Suppose 36 = 3*n + 5*q, n + 4*q = -2*n + 39. What is the remainder when 45 is divided by n?
11
Let h = 137 + 36. What is the remainder when h is divided by 44?
41
Suppose -4*d = -3*b - 7 + 3, 2*d - 12 = -b. What is the remainder when 7 is divided by b?
3
Let s = 41 - 36. What is the remainder when 38 is divided by s?
3
Let d = -68 + 103. Calculate the remainder when 67 is divided by d.
32
Let b = -4 + 29. Calculate the remainder when b is divided by 7.
4
Suppose -k = -g - 64, 3*k = k + 4*g + 134. What is the remainder when k is divided by 17?
10
Suppose 4*t = 27 + 29. Let z(p) = -4*p - 8. Let c be z(-6). Let l = -11 + c. Calculate the remainder when t is divided by l.
4
Suppose -2*a = l - 24, -4*a - 18 = -l - 0*a. Let n(s) = 2*s - 2. What is the remainder when l is divided by n(7)?
10
Let b(y) = 3*y + 6. Calculate the remainder when 248/(-10)*25/(-10) is divided by b(5).
20
What is the remainder when (-22)/4*-1 - 156/(-104) is divided by 5?
2
Let r(a) = -2*a - 2. Let d be r(-2). Calculate the remainder when ((-136)/(-4))/(1/d) is divided by 23.
22
Suppose 7*r - 3*r - 16 = 0. Let t = -3 + 9. Calculate the remainder when t is divided by r.
2
Let w = -32 + 78. What is the remainder when w is divided by 12?
10
Let g(v) be the first derivative of v**4/4 + 5*v**3/3 + v**2/2 + 1. Calculate the remainder when 29 is divided by g(-3).
14
Suppose -4*t + 44 = 4*q, 0 = -t - 0*q + 2*q - 1. Calculate the remainder when 12 is divided by t.
5
Suppose -2 = 2*u - 6. Suppose 2 = -0*p + u*p. What is the remainder when 3 is divided by p?
0
Let p(m) = -2*m**2 + 4*m - 3. Let r be p(2). Let h(g) = g**2 - g - 3. Let b be h(0). Calculate the remainder when 14 is divided by b - -2 - r - -3.
4
Calculate the remainder when 82 is divided by (8/(-4))/((-2)/21).
19
Suppose -18*t + 15*t + 207 = 0. Calculate the remainder when t is divided by 36.
33
Suppose 3*i - 4*j = -225, 3*i + 5*j = -0*i - 198. Let a = -28 - i. Calculate the remainder when a is divided by 15.
13
Suppose -q + 0 = 6. What is the remainder when 19 is divided by -5*(q/2 - -2)?
4
Let u = 18 - 13. What is